{"id":42,"date":"2019-11-11T21:05:27","date_gmt":"2019-11-11T21:05:27","guid":{"rendered":"https:\/\/www.grupoarchiverosmm.es\/?page_id=42"},"modified":"2025-02-23T16:15:00","modified_gmt":"2025-02-23T16:15:00","slug":"enlacs","status":"publish","type":"page","link":"https:\/\/www.grupoarchiverosmm.es\/?page_id=42","title":{"rendered":"Enlaces"},"content":{"rendered":"<div class=\"wp-block-image\">\n<figure class=\"aligncenter size-full is-resized\"><img loading=\"lazy\" decoding=\"async\" width=\"512\" height=\"512\" src=\"https:\/\/www.grupoarchiverosmm.es\/wp-content\/uploads\/2025\/02\/282100-1.png\" alt=\"\" class=\"wp-image-1418\" style=\"width:144px;height:auto\" srcset=\"https:\/\/www.grupoarchiverosmm.es\/wp-content\/uploads\/2025\/02\/282100-1.png 512w, https:\/\/www.grupoarchiverosmm.es\/wp-content\/uploads\/2025\/02\/282100-1-300x300.png 300w, https:\/\/www.grupoarchiverosmm.es\/wp-content\/uploads\/2025\/02\/282100-1-150x150.png 150w, https:\/\/www.grupoarchiverosmm.es\/wp-content\/uploads\/2025\/02\/282100-1-80x80.png 80w, https:\/\/www.grupoarchiverosmm.es\/wp-content\/uploads\/2025\/02\/282100-1-320x320.png 320w\" sizes=\"auto, (max-width: 512px) 100vw, 512px\" \/><\/figure><\/div>\n\n\n<p><\/p>\n\n\n\n<p><a href=\"http:\/\/www.google.com\/url?q=http%3A%2F%2Fwww.anabad.org%2F&amp;sa=D&amp;sntz=1&amp;usg=AFQjCNEu9HNcOoamqJJFqROFirPqSwb7HQ\" target=\"_blank\" rel=\"noreferrer noopener\">ANABAD<\/a> \u2014 La Federaci\u00f3n Espa\u00f1ola de Asociaciones de Archiveros, Bibliotecarios, Arque\u00f3logos, Muse\u00f3logos y Documentalistas (ANABAD), tiene por objeto fundamental promover el desarrollo profesional de sus asociados y el de los servicios a ellos encomendados.<\/p>\n\n\n\n<p><a href=\"http:\/\/www.google.com\/url?q=http%3A%2F%2Fwww.madrid.org%2Farchivos%2Findex.php%2Fquienes-somos%2Fconocenos%2Farchivo-regional&amp;sa=D&amp;sntz=1&amp;usg=AFQjCNE0AjP0BkNXId8ujTsKlw0WNjzI-A\" target=\"_blank\" rel=\"noreferrer noopener\">Archivo Regional de la Comunidad de Madrid<\/a> \u2014 El Archivo Regional de la Comunidad de Madrid es el centro que custodia los documentos generados por el Gobierno y la Administraci\u00f3n de la Comunidad de Madrid, as\u00ed como por sus instituciones antecesoras, que se encuentran en las fases de archivo intermedio y de archivo hist\u00f3rico.<\/p>\n\n\n\n<p><a href=\"http:\/\/www.google.com\/url?q=http%3A%2F%2Fcensoarchivos.mcu.es%2FCensoGuia%2Fportada.htm&amp;sa=D&amp;sntz=1&amp;usg=AFQjCNH5TlfZXtHBHS1jrCZzzLjP71sxEQ\" target=\"_blank\" rel=\"noreferrer noopener\">Censo-gu\u00eda de archivos. Ministerio de Cultura<\/a> \u2014 En el Censo Gu\u00eda de Archivos podr\u00e1 hacerlo sobre la informaci\u00f3n relativa a los archivos o sobre la informaci\u00f3n referente a los Fondos \/ Colecciones Documentales que custodian dichos centros, o bien podr\u00e1 combinar ambas.<\/p>\n\n\n\n<p><a href=\"http:\/\/www.google.com\/url?q=http%3A%2F%2Fwww.ica.org%2Fen&amp;sa=D&amp;sntz=1&amp;usg=AFQjCNFUydZU8wcAB8Ve8z-FxisWK9FkTg\" target=\"_blank\" rel=\"noreferrer noopener\">Consejo Internacional de Archivos<\/a> \u2014 El Consejo Internacional de Archivos (ICA) est\u00e1 dedicado a la gesti\u00f3n eficaz de los registros y la conservaci\u00f3n, cuidado y uso del patrimonio archiv\u00edstico del mundo a trav\u00e9s de la representaci\u00f3n de los registros y profesionales de los archivos de todo el mundo.<\/p>\n\n\n\n<p><a rel=\"noreferrer noopener\" href=\"http:\/\/www.google.com\/url?q=http%3A%2F%2Fwww.archiveros.net%2F&amp;sa=D&amp;sntz=1&amp;usg=AFQjCNHwvsbl2i8cShvXtSMpB0rClRRqDw\" target=\"_blank\">Coord<\/a><a href=\"https:\/\/es-es.facebook.com\/Coordinadora-de-Asociaciones-de-Archiveros-CAA-727783533954416\/\" target=\"_blank\" rel=\"noreferrer noopener\" aria-label=\"inadora de Asociaciones de Archiveros (abre en una nueva pesta\u00f1a)\">inadora de Asociaciones de Archiveros<\/a> \u2014 Es la plataforma com\u00fan que representa al colectivo de asociaciones profesionales en todas aquellas cuestiones que exceden el \u00e1mbito territorial propio a cada una de ellas.<\/p>\n\n\n\n<p><a href=\"http:\/\/www.google.com\/url?q=http%3A%2F%2Fwww.w3c.es%2FDivulgacion%2FGuiasBreves%2F&amp;sa=D&amp;sntz=1&amp;usg=AFQjCNGiPcvCADM1TruukswctWeupgN4nQ\" target=\"_blank\" rel=\"noreferrer noopener\">Gu\u00edas breves de la W3C<\/a> \u2014 Son un conjunto de 15 gu\u00edas, agrupadas por \u00e1reas, que tienen como objetivo ofrecer una breve introducci\u00f3n a las diferentes tecnolog\u00edas desarrolladas por el W3C de forma r\u00e1pida y sencilla.<\/p>\n\n\n\n<p><a rel=\"noreferrer noopener\" href=\"http:\/\/www.google.com\/url?q=http%3A%2F%2Fwww.sedic.es%2F&amp;sa=D&amp;sntz=1&amp;usg=AFQjCNGkzya305NB5Zd_5r4KIaJhnvdN1A\" target=\"_blank\">SEDIC<\/a> \u2014 Fomentar la colaboraci\u00f3n entre los especialistas en gesti\u00f3n de la informaci\u00f3n y documentaci\u00f3n como tales y las instituciones encuadradas en el campo de la informaci\u00f3n y documentaci\u00f3n, mediante el intercambio de conocimientos y experiencias.<\/p>\n\n\n\n<p><a rel=\"noreferrer noopener\" href=\"https:\/\/archiverosaefp.org\/\" target=\"_blank\">Web de Archiveros Espa\u00f1oles en la Funci\u00f3n P\u00fablica (AEFP)<\/a> \u2014 Tiene como fines fundamentales promover el desarrollo profesional de las personas asociadas y el de los servicios a ellas encomendadas, as\u00ed como fomentar la defensa de los archivos p\u00fablicos como garantes de la transparencia administrativa y de la defensa de los derechos ciudadanos.<\/p>\n\n\n\n<p><a href=\"https:\/\/hispana.mcu.es\/es\/inicio\/inicio.do\">Hispana<\/a> &#8211;Es el portal de acceso al patrimonio digital espa\u00f1ol y el agregador nacional de contenidos a&nbsp;<a href=\"http:\/\/www.europeana.eu\/\" target=\"_blank\" rel=\"noreferrer noopener\">Europeana<\/a>.<\/p>\n\n\n\n<p><a href=\"https:\/\/pares.cultura.gob.es\/inicio.html\">Portal de Archivos Espa\u00f1oles (PARES)<\/a> &#8211;Es la principal plataforma de difusi\u00f3n del Patrimonio Hist\u00f3rico Documental Espa\u00f1ol, creada y gestionada por la Subdirecci\u00f3n General de los Archivos Estatales, del Ministerio de Cultura. Contiene fichas descriptivas e im\u00e1genes digitalizadas de los fondos documentales conservados en los\u00a0<a href=\"https:\/\/pares.cultura.gob.es\/archivos-estatales.html\" target=\"_blank\" rel=\"noreferrer noopener\">Archivos Estatales<\/a>.<\/p>\n\n\n\n<p><\/p>\n","protected":false},"excerpt":{"rendered":"<p>ANABAD \u2014 La Federaci\u00f3n Espa\u00f1ola de Asociaciones de Archiveros, Bibliotecarios, Arque\u00f3logos, Muse\u00f3logos y Documentalistas (ANABAD), tiene por objeto fundamental promover el desarrollo profesional de sus asociados y el de los servicios a ellos encomendados.&#46;&#46;&#46;<\/p>\n","protected":false},"author":1,"featured_media":1416,"parent":0,"menu_order":0,"comment_status":"closed","ping_status":"closed","template":"","meta":{"footnotes":""},"class_list":["post-42","page","type-page","status-publish","has-post-thumbnail","hentry"],"_links":{"self":[{"href":"https:\/\/www.grupoarchiverosmm.es\/index.php?rest_route=\/wp\/v2\/pages\/42","targetHints":{"allow":["GET"]}}],"collection":[{"href":"https:\/\/www.grupoarchiverosmm.es\/index.php?rest_route=\/wp\/v2\/pages"}],"about":[{"href":"https:\/\/www.grupoarchiverosmm.es\/index.php?rest_route=\/wp\/v2\/types\/page"}],"author":[{"embeddable":true,"href":"https:\/\/www.grupoarchiverosmm.es\/index.php?rest_route=\/wp\/v2\/users\/1"}],"replies":[{"embeddable":true,"href":"https:\/\/www.grupoarchiverosmm.es\/index.php?rest_route=%2Fwp%2Fv2%2Fcomments&post=42"}],"version-history":[{"count":18,"href":"https:\/\/www.grupoarchiverosmm.es\/index.php?rest_route=\/wp\/v2\/pages\/42\/revisions"}],"predecessor-version":[{"id":1437,"href":"https:\/\/www.grupoarchiverosmm.es\/index.php?rest_route=\/wp\/v2\/pages\/42\/revisions\/1437"}],"wp:featuredmedia":[{"embeddable":true,"href":"https:\/\/www.grupoarchiverosmm.es\/index.php?rest_route=\/wp\/v2\/media\/1416"}],"wp:attachment":[{"href":"https:\/\/www.grupoarchiverosmm.es\/index.php?rest_route=%2Fwp%2Fv2%2Fmedia&parent=42"}],"curies":[{"name":"wp","href":"https:\/\/api.w.org\/{rel}","templated":true}]}}

<div class="wp-block-image">
<figure class="aligncenter size-full is-resized"><img loading="lazy" decoding="async" width="512" height="512" src="https://www.grupoarchiverosmm.es/wp-content/uploads/2025/02/282100-1.png" alt="" class="wp-image-1418" style="width:144px;height:auto" srcset="https://www.grupoarchiverosmm.es/wp-content/uploads/2025/02/282100-1.png 512w, https://www.grupoarchiverosmm.es/wp-content/uploads/2025/02/282100-1-300x300.png 300w, https://www.grupoarchiverosmm.es/wp-content/uploads/2025/02/282100-1-150x150.png 150w, https://www.grupoarchiverosmm.es/wp-content/uploads/2025/02/282100-1-80x80.png 80w, https://www.grupoarchiverosmm.es/wp-content/uploads/2025/02/282100-1-320x320.png 320w" sizes="auto, (max-width: 512px) 100vw, 512px" /></figure></div>


<p></p>



<p><a href="http://www.google.com/url?q=http%3A%2F%2Fwww.anabad.org%2F&amp;sa=D&amp;sntz=1&amp;usg=AFQjCNEu9HNcOoamqJJFqROFirPqSwb7HQ" target="_blank" rel="noreferrer noopener">ANABAD</a> — La Federación Española de Asociaciones de Archiveros, Bibliotecarios, Arqueólogos, Museólogos y Documentalistas (ANABAD), tiene por objeto fundamental promover el desarrollo profesional de sus asociados y el de los servicios a ellos encomendados.</p>



<p><a href="http://www.google.com/url?q=http%3A%2F%2Fwww.madrid.org%2Farchivos%2Findex.php%2Fquienes-somos%2Fconocenos%2Farchivo-regional&amp;sa=D&amp;sntz=1&amp;usg=AFQjCNE0AjP0BkNXId8ujTsKlw0WNjzI-A" target="_blank" rel="noreferrer noopener">Archivo Regional de la Comunidad de Madrid</a> — El Archivo Regional de la Comunidad de Madrid es el centro que custodia los documentos generados por el Gobierno y la Administración de la Comunidad de Madrid, así como por sus instituciones antecesoras, que se encuentran en las fases de archivo intermedio y de archivo histórico.</p>



<p><a href="http://www.google.com/url?q=http%3A%2F%2Fcensoarchivos.mcu.es%2FCensoGuia%2Fportada.htm&amp;sa=D&amp;sntz=1&amp;usg=AFQjCNH5TlfZXtHBHS1jrCZzzLjP71sxEQ" target="_blank" rel="noreferrer noopener">Censo-guía de archivos. Ministerio de Cultura</a> — En el Censo Guía de Archivos podrá hacerlo sobre la información relativa a los archivos o sobre la información referente a los Fondos / Colecciones Documentales que custodian dichos centros, o bien podrá combinar ambas.</p>



<p><a href="http://www.google.com/url?q=http%3A%2F%2Fwww.ica.org%2Fen&amp;sa=D&amp;sntz=1&amp;usg=AFQjCNFUydZU8wcAB8Ve8z-FxisWK9FkTg" target="_blank" rel="noreferrer noopener">Consejo Internacional de Archivos</a> — El Consejo Internacional de Archivos (ICA) está dedicado a la gestión eficaz de los registros y la conservación, cuidado y uso del patrimonio archivístico del mundo a través de la representación de los registros y profesionales de los archivos de todo el mundo.</p>



<p><a rel="noreferrer noopener" href="http://www.google.com/url?q=http%3A%2F%2Fwww.archiveros.net%2F&amp;sa=D&amp;sntz=1&amp;usg=AFQjCNHwvsbl2i8cShvXtSMpB0rClRRqDw" target="_blank">Coord</a><a href="https://es-es.facebook.com/Coordinadora-de-Asociaciones-de-Archiveros-CAA-727783533954416/" target="_blank" rel="noreferrer noopener" aria-label="inadora de Asociaciones de Archiveros (abre en una nueva pestaña)">inadora de Asociaciones de Archiveros</a> — Es la plataforma común que representa al colectivo de asociaciones profesionales en todas aquellas cuestiones que exceden el ámbito territorial propio a cada una de ellas.</p>



<p><a href="http://www.google.com/url?q=http%3A%2F%2Fwww.w3c.es%2FDivulgacion%2FGuiasBreves%2F&amp;sa=D&amp;sntz=1&amp;usg=AFQjCNGiPcvCADM1TruukswctWeupgN4nQ" target="_blank" rel="noreferrer noopener">Guías breves de la W3C</a> — Son un conjunto de 15 guías, agrupadas por áreas, que tienen como objetivo ofrecer una breve introducción a las diferentes tecnologías desarrolladas por el W3C de forma rápida y sencilla.</p>



<p><a rel="noreferrer noopener" href="http://www.google.com/url?q=http%3A%2F%2Fwww.sedic.es%2F&amp;sa=D&amp;sntz=1&amp;usg=AFQjCNGkzya305NB5Zd_5r4KIaJhnvdN1A" target="_blank">SEDIC</a> — Fomentar la colaboración entre los especialistas en gestión de la información y documentación como tales y las instituciones encuadradas en el campo de la información y documentación, mediante el intercambio de conocimientos y experiencias.</p>



<p><a rel="noreferrer noopener" href="https://archiverosaefp.org/" target="_blank">Web de Archiveros Españoles en la Función Pública (AEFP)</a> — Tiene como fines fundamentales promover el desarrollo profesional de las personas asociadas y el de los servicios a ellas encomendadas, así como fomentar la defensa de los archivos públicos como garantes de la transparencia administrativa y de la defensa de los derechos ciudadanos.</p>



<p><a href="https://hispana.mcu.es/es/inicio/inicio.do">Hispana</a> &#8211;Es el portal de acceso al patrimonio digital español y el agregador nacional de contenidos a&nbsp;<a href="http://www.europeana.eu/" target="_blank" rel="noreferrer noopener">Europeana</a>.</p>



<p><a href="https://pares.cultura.gob.es/inicio.html">Portal de Archivos Españoles (PARES)</a> &#8211;Es la principal plataforma de difusión del Patrimonio Histórico Documental Español, creada y gestionada por la Subdirección General de los Archivos Estatales, del Ministerio de Cultura. Contiene fichas descriptivas e imágenes digitalizadas de los fondos documentales conservados en los <a href="https://pares.cultura.gob.es/archivos-estatales.html" target="_blank" rel="noreferrer noopener">Archivos Estatales</a>.</p>



<p></p>

<p>ANABAD — La Federación Española de Asociaciones de Archiveros, Bibliotecarios, Arqueólogos, Museólogos y Documentalistas (ANABAD), tiene por objeto fundamental promover el desarrollo profesional de sus asociados y el de los servicios a ellos encomendados.&#46;&#46;&#46;</p>
